sor of 120 and r?
15
Let k = 3000 + -2920. Calculate the greatest common divisor of 3160 and k.
40
Let w be (-8 - -1)*(7 - 427/49). Suppose -w = -2*k + c, -2*k - 3*c + 4 = 2*k. Suppose 0*f = 5*f - 220. Calculate the highest common divisor of f and k.
4
Let w = 8 + -12. Let z(h) = 1 + h - 3*h + h. Let i be z(w). What is the highest common factor of i and 55?
5
Let a be (5 - 1) + -6 + -3 + 220. What is the highest common factor of 344 and a?
43
Let m(d) = 3*d**2 - 14*d + 6. Let s be m(5). Let z(f) = 16*f - 68. Let b be z(s). Suppose 25*a = 29*a - b. Calculate the greatest common factor of 36 and a.
9
Let n = -44 - -44. Suppose a + n*a = -a. Suppose 235 = 3*o - o - j, o - j - 116 = a. Calculate the greatest common factor of 17 and o.
17
Let b(w) = -3*w**3 - 2*w**2 + 4*w - 1. Let r be b(-4). Calculate the greatest common factor of 65 and r.
13
Let j be -7*(-16)/42 + (-584)/(-6). Calculate the highest common factor of j and 2675.
25
Suppose -2*a + 40 = -2*b, 2*a + 5*b - 51 = -11. Suppose -2*m + 239 = -41. Calculate the highest common divisor of a and m.
20
Let i be 3132/14 + (-10)/(-35). Let c = 31 - 29. Suppose 5*p + d - 165 = 2*d, 0 = c*p + 3*d - 49. What is the greatest common divisor of i and p?
32
Let o = 4081 - 4140. Suppose 0 = 3*f + 154 + 119. Let w = o - f. Calculate the greatest common divisor of w and 48.
16
Let h be -10 + -11 + 29 + (-8051)/(-1) - 7. Calculate the highest common divisor of 660 and h.
132
Let w = 376 - 374. Let c = -62 + 37. Let j = -20 - c. Calculate the highest common divisor of j and w.
1
Suppose -29*w + 27*w + 970 = 0. Suppose -84 = -w*y + 481*y. What is the greatest common factor of 399 and y?
21
Suppose 4*f - w = -69 - 210, -3*f - 208 = -2*w. Let t = f - -118. Let d(x) = x + 2. Let i be d(4). What is the highest common factor of t and i?
6
Let k = 28 - -6. Let q be 48/(-72)*(-1683)/6. What is the greatest common divisor of q and k?
17
Let t(d) = d**3 + 31*d**2 + 29*d + 987. Let z be t(-31). Calculate the greatest common divisor of z and 1276.
44
Let t be (-730)/(-45) + 2/(-9). Let k be (-2 - -3 - 48)/1. Let a = 1 - k. Calculate the greatest common factor of a and t.
16
Let x be ((-7)/(-112))/((-42)/(-224)) + 74/3. Let q(m) = m + 6. Let h be q(-5). What is the greatest common divisor of x and h?
1
Let w be (11 + -5 + -1)/((-1)/(-2)). Suppose -2*u + 10 = t, -3*u + 15 = t + w. Let n be (-104)/(-10) + 4/(-10). What is the highest common divisor of t and n?
10
Let c be (-16)/36 + 192332/126. Let w be (1881/(-9))/(-11) + -5. Calculate the highest common divisor of w and c.
14
Suppose -3*u - 3*f + 3075 = 0, -5*u + 16*f + 5080 = 12*f. Calculate the highest common factor of u and 60.
60
Let w(c) = 4*c**2 - 4*c + 4. Let q be w(4). Suppose -65*d + 64*d + 1 = -f, -d = -4*f + 32. Calculate the highest common divisor of d and q.
4
Let d(y) = -52*y + 198. Let m be d(-4). Suppose 10*l - k + m = 14*l, 2*l = -k + 202. Calculate the highest common factor of l and 102.
102
Suppose -27*r = -23*r + 47*r - 196350. What is the highest common factor of 88 and r?
22
Suppose -5*n + 424 = -5*j - 1, 0 = -5*n + 3*j + 417. Calculate the greatest common divisor of n and 108.
27
Let h(v) = -v**3 + 30*v**2 + 64*v + 15. Let i be h(32). Let k = 49 + -47. Let c be (-15)/6*(0 - k). Calculate the highest common divisor of i and c.
5
Suppose 82*x - 1968 = 79*x. What is the greatest common divisor of 112 and x?
16
Let k be (11/((-55)/10))/(18/20 - 1). Suppose 0 = -d - d + 8. What is the greatest common factor of d and k?
4
Suppose 70*r - 630 = 52*r. Suppose 0 = -r*t + 100 + 110. Calculate the highest common divisor of 64 and t.
2
Suppose -2*j = -6*j + 48. Let t be ((-8)/j)/((-1)/3). Suppose -5*p - t*n = -0*n - 156, 5*n - 22 = -p. What is the highest common divisor of p and 288?
32
Suppose 663 - 2400 = -9*o. Let g = o + -148. Calculate the highest common divisor of g and 54.
9
Let f(y) = -10*y + 0 + 8*y - 2 - 24. Let j be f(-19). Let m(d) = -d**2 + 59*d + 620. Let h be m(64). What is the highest common divisor of h and j?
12
Let q be (134 - -7)/(54/234). What is the greatest common divisor of 3 and q?
1
Let o(h) = -h + 9. Let k be o(7). Suppose -19*p + 22*p = -w + 20, 0 = k*w - 10. Calculate the highest common factor of p and 5.
5
Suppose -92*c + 94*c - 2*h = 6, -11 = -5*c + 3*h. Suppose -o + 4 = -0*o. What is the greatest common factor of c and o?
1
Suppose -101*g = 7604 - 20881 - 18538. What is the highest common factor of 4005 and g?
45
Let i be (-26)/(-3) + 4/12. Let t(b) = b**2 - 13*b + 13. Let g be t(10). Let c = 161 + g. Calculate the greatest common factor of i and c.
9
Let f be 1746/((-12 - -24 - 19) + 16/2). What is the highest common divisor of f and 144?
18
Let z(t) = 592*t**2 + 366*t - 731. Let o be z(2). Calculate the highest common factor of o and 515.
103
Let w = -29 - -35. Let l(m) = -m**2 + 11*m - 17. Let r be l(w). Let q = r - -13. What is the greatest common divisor of 2 and q?
2
Suppose 66320 - 75980 = -35*k. What is the greatest common factor of k and 972?
12
Let j be (82/(-246))/((-1)/567). What is the greatest common divisor of j and 84?
21
Let s(y) = 2*y**3 - 58*y**2 - 333*y + 243. Let t be s(34). Calculate the greatest common divisor of 1887 and t.
37
Suppose 0 = -27*k + 35*k + 1768. Let l = -208 - k. What is the highest common divisor of l and 793?
13
Let z = 10802 + -9668. What is the greatest common factor of z and 56?
14
Let u be 2/2 + 4 - (17 - 15). Suppose 3*s + 2*a = 69, -5*s = -0*s - u*a - 96. Suppose 0 = -p + 1 + 104. Calculate the highest common divisor of s and p.
21
Suppose -3*n + l = -323, 3*n + 4*l = -l + 329. Let x = n - 115. Let y = 8 + x. Calculate the greatest common factor of 13 and y.
1
Suppose 3*z = 4*r - 110, z - r - 145 = 6*z. Let n be (-24)/z + 2684/20. Calculate the highest common divisor of 54 and n.
27
Suppose -27 = -4*y - q, -18*y - 5*q = -15*y - 33. Calculate the greatest common factor of 74 and y.
2
Let s be 14/(-8)*(-3 + -45). Suppose 4*j + 4*l = -16, 6*l - l = -3*j - 22. Let h be (j - 1) + -28*14/(-7). Calculate the highest common divisor of h and s.
28
Let m(c) = -14*c + 53. Let u be m(3). Suppose -12 = -u*p + 285. Calculate the greatest common divisor of p and 270.
27
Let o be -7 + ((-3)/(-1))/((-5)/105*-7). What is the highest common factor of 10368 and o?
2
Let j be 6084/360 + 2/20. Suppose 0 = -j*w + 11*w + 792. Calculate the greatest common factor of 99 and w.
33
Suppose 2102641 = 149*p + 1021400 - 1301865. Calculate the greatest common factor of p and 22.
22
Suppose -2*b - 36 = -5*v, -2*b + 0 = 6. Suppose -v*f + 4*f + 5*y = -17, -8 = -2*f + 2*y. What is the highest common factor of 2 and f?
1
Let v be 8 + (-81999)/(-63) + 3/7. Calculate the greatest common divisor of 10 and v.
10
Let u be (-252)/21 + 111 - -12. What is the highest common factor of 7104 and u?
111
Suppose 0 = -2*v + 4*o - 540, -2*v + 3*o = -0*o + 535. Let a be (-26 + 2)*v/78. Let y = 13 + 19. Calculate the greatest common divisor of y and a.
16
Suppose 0 = -127*p - 18 + 526. Calculate the greatest common factor of 794 and p.
2
Let d be 2/4*(5 - -3). Suppose d = -4*k + 4. Suppose -4*w + 4*f = -32, f + 18 = 3*w - k. Calculate the greatest common factor of 40 and w.
5
Let h = 18 - 2. Suppose 22568 = 647*u - 244*u. What is the greatest common divisor of h and u?
8
Suppose -227*x = -223*x - 6800. Suppose -21*c + x = 83. What is the greatest common divisor of c and 33?
11
Let b = 145 + -140. Let f(m) = m**3 - 7*m**2 + 16*m - 14. Let g be f(b). What is the highest common divisor of g and 128?
16
Let n be (-9)/3 + (-160)/(-1). Suppose -s + 3*b = -n, 2*b - 6*b = 16. Suppose h + 4*f = 4*h - 91, -h + 30 = -f. Calculate the highest common divisor of h and s.
29
Let c(j) = 2207*j + 9915. Let p be c(15). What is the greatest common divisor of 180 and p?
180
Let f be 244 - (-10)/15*3/(-2). Suppose 8*p - 128 - 88 = 0. What is the greatest common factor of p and f?
27
Let b be -1 + (2 - (-1 - -2)). Let l(c) = c**2 + 90. Let k be l(b). Let o be 16/88 + (-2882)/(-121) + 12. Calculate the greatest common factor of k and o.
18
Let w be 7 - ((-9)/(9/(-2)) + -5613). Calculate the greatest common divisor of w and 106.
106
Let r be 2*(-2)/24 + (-314)/(-12). Suppose r*v - 50*v = -120. What is the greatest common factor of 160 and v?
5
Let w(x) = 2